 when 5460 is divided by 362?
30
Calculate the remainder when 42191 is divided by 11.
6
Calculate the remainder when 439522 is divided by 26.
18
What is the remainder when 19758 is divided by 162?
156
Calculate the remainder when 402556 is divided by 507.
505
Calculate the remainder when 78127 is divided by 1420.
27
Calculate the remainder when 63627 is divided by 15.
12
What is the remainder when 151749 is divided by 29?
21
Calculate the remainder when 70198 is divided by 70082.
116
What is the remainder when 14155 is divided by 1816?
1443
What is the remainder when 40546 is divided by 31?
29
Calculate the remainder when 128159 is divided by 193.
7
Calculate the remainder when 38415 is divided by 7619.
320
What is the remainder when 1849064 is divided by 41090?
14
What is the remainder when 7043318 is divided by 8?
6
Calculate the remainder when 46370 is divided by 15451.
17
Calculate the remainder when 19424 is divided by 135.
119
What is the remainder when 441532 is divided by 1367?
1358
Calculate the remainder when 1107409 is divided by 31.
27
Calculate the remainder when 119204 is divided by 13.
7
What is the remainder when 23185 is divided by 2100?
85
Calculate the remainder when 8945 is divided by 635.
55
What is the remainder when 19063 is divided by 323?
6
Calculate the remainder when 41616 is divided by 231.
36
What is the remainder when 8638 is divided by 613?
56
Calculate the remainder when 15911 is divided by 2.
1
What is the remainder when 139721 is divided by 1863?
1859
Calculate the remainder when 1995 is divided by 85.
40
What is the remainder when 169065 is divided by 145?
140
Calculate the remainder when 993833 is divided by 15.
8
What is the remainder when 876095 is divided by 208?
207
Calculate the remainder when 2724 is divided by 2619.
105
Calculate the remainder when 9477 is divided by 2366.
13
Calculate the remainder when 6099748 is divided by 225.
223
What is the remainder when 20217 is divided by 1958?
637
What is the remainder when 251 is divided by 198?
53
What is the remainder when 6655 is divided by 114?
43
What is the remainder when 64604 is divided by 234?
20
What is the remainder when 926 is divided by 462?
2
Calculate the remainder when 441831 is divided by 42.
33
What is the remainder when 14993 is divided by 1870?
33
What is the remainder when 87025 is divided by 23?
16
Calculate the remainder when 22642 is divided by 7527.
61
What is the remainder when 91151 is divided by 311?
28
Calculate the remainder when 285909 is divided by 285898.
11
What is the remainder when 6885 is divided by 323?
102
What is the remainder when 2964 is divided by 97?
54
Calculate the remainder when 734 is divided by 324.
86
What is the remainder when 266480 is divided by 65?
45
Calculate the remainder when 1221 is divided by 109.
22
Calculate the remainder when 10502 is divided by 555.
512
What is the remainder when 6493 is divided by 1001?
487
Calculate the remainder when 341035 is divided by 2229.
2227
Calculate the remainder when 5375 is divided by 2687.
1
What is the remainder when 5313 is divided by 163?
97
What is the remainder when 23763 is divided by 9?
3
What is the remainder when 24818 is divided by 116?
110
Calculate the remainder when 103147 is divided by 50.
47
What is the remainder when 60950 is divided by 49?
43
What is the remainder when 2251 is divided by 1818?
433
What is the remainder when 6240 is divided by 132?
36
Calculate the remainder when 6319 is divided by 188.
115
Calculate the remainder when 5047 is divided by 209.
31
What is the remainder when 4965 is divided by 311?
300
Calculate the remainder when 141052 is divided by 152.
148
What is the remainder when 12584 is divided by 236?
76
Calculate the remainder when 793077 is divided by 133.
131
Calculate the remainder when 15265 is divided by 300.
265
Calculate the remainder when 31192 is divided by 133.
70
What is the remainder when 978 is divided by 44?
10
Calculate the remainder when 4977 is divided by 3176.
1801
Calculate the remainder when 9221 is divided by 25.
21
What is the remainder when 5531738 is divided by 20?
18
Calculate the remainder when 13114 is divided by 13109.
5
What is the remainder when 188874 is divided by 501?
498
What is the remainder when 26670 is divided by 17?
14
What is the remainder when 65753 is divided by 32868?
17
Calculate the remainder when 56686 is divided by 6.
4
What is the remainder when 88474 is divided by 12?
10
What is the remainder when 20716 is divided by 128?
108
Calculate the remainder when 4120 is divided by 207.
187
Calculate the remainder when 800 is divided by 414.
386
Calculate the remainder when 176236 is divided by 1137.
1
Calculate the remainder when 68912 is divided by 34434.
44
Calculate the remainder when 310588 is divided by 58.
56
What is the remainder when 708579 is divided by 14?
11
What is the remainder when 12961 is divided by 31?
3
What is the remainder when 18464 is divided by 376?
40
Calculate the remainder when 92837 is divided by 46416.
5
What is the remainder when 61215 is divided by 126?
105
What is the remainder when 828120 is divided by 17?
16
What is the remainder when 5756 is divided by 444?
428
Calculate the remainder when 66883 is divided by 39.
37
Calculate the remainder when 66615 is divided by 732.
3
What is the remainder when 3520 is divided by 3504?
16
What is the remainder when 32786 is divided by 10857?
215
What is the remainder when 2412979 is divided by 57?
55
What is the remainder when 423152 is divided by 753?
719
What is the remainder when 58013 is divided by 204?
77
Calculate the remainder when 347591 is divided by 503.
18
Calculate the remainder when 23657 is divided by 84.
53
What is the remainder when 77870 is divided by 124?
122
What is the remainder when 145269 is divided by 24?
21
Calculate the remainder when 208704 is divided by 73.
70
Calculate the remainder when 33 is divided by 7.
5
Calculate the remainder when 7420 is divided by 674.
6
What is the remainder when 9871 is divided by 1396?
99
Calculate the remainder when 176131 is divided by 88062.
7
Calculate the remainder when 334876 is divided by 1098.
1084
What is the remainder when 218 is divided by 19?
9
Calculate the remainder when 2169500 is divided by 422.
420
What is the remainder when 14392 is divided by 984?
616
Calculate the remainder when 14655 is divided by 4711.
522
Calculate the remainder when 14058 is divided by 67.
55
What is the remainder when 4275 is divided by 225?
0
Calculate the remainder when 31327 is divided by 5191.
181
What is the remainder when 3299 is divided by 160?
99
What is the remainder when 28866 is divided by 5771?
11
Calculate the remainder when 7077 is divided by 1410.
27
What is the remainder when 1979 is divided by 463?
127
What is the remainder when 18081 is divided by 385?
371
Calculate the remainder when 52273 is divided by 10454.
3
Calculate the remainder when 182881 is divided by 62.
43
What is the remainder when 26024 is divided by 867?
14
Calculate the remainder when 1060847 is divided by 636.
635
Calculate the remainder when 10402 is divided by 1486.
0
What is the remainder when 64787 is divided by 16192?
19
What is the remainder when 188414 is divided by 23?
21
Calculate the remainder when 19262 is divided by 38.
34
What is the remainder when 33090 is divided by 97?
13
Calculate the remainder when 5968 is divided by 109.
82
What is the remainder when 37610 is divided by 801?
764
What is the remainder when 311324 is divided by 89?
2
Calculate the remainder when 23162 is divided by 34.
8
What is the remainder when 70110 is divided by 68?
2
Calculate the remainder when 17167 is divided by 905.
877
What is the remainder when 3343 is divided by 191?
96
What is the remainder when 1984 is divided by 361?
179
Calculate the remainder when 249409 is divided by 245.
244
Calculate the remainder when 2312 is divided by 19.
13
Calculate the remainder when 90466 is divided by 603.
16
What is the remainder when 2210798 is divided by 41?
37
What is the remainder when 16454 is divided by 136?
134
What is the remainder when 236 is divided by 29?
4
What is the remainder when 29944 is divided by 483?
481
Calculate the remainder when 1182 is divided by 133.
118
What is the remai